g) = g**3 + 7*g**2 - 4*g + 10. Let w = -6 + -1. Let b(i) = i**2 + 13. Calculate the remainder when p(w) is divided by b(0).
12
Let u(l) = -l**3 + 6*l**2 - 5*l + 2. Let z be u(5). Suppose -z + 14 = c. What is the remainder when 23 is divided by c?
11
Suppose -3*c - 36 = 12. Let a = 15 - c. Calculate the remainder when a is divided by 28/(-35)*(1 + -21).
15
Suppose -48 = -3*y + 144. Suppose 0 = 5*t - 7*t - y. Calculate the remainder when (t/40)/(2/(-65)) is divided by 7.
5
Suppose 0 = -2*g - 2*g + 8. Suppose 16 = g*d - 68. Suppose -2*m - d = -4*m - 2*w, -38 = -2*m - w. What is the remainder when m is divided by 5?
2
Let s = 24 - 17. Calculate the remainder when 11 is divided by s.
4
Suppose 1 = z - 4. Suppose 18 = z*s - 7. Let t(m) = m**3 + 14*m**2 - m - 6. What is the remainder when t(-14) is divided by s?
3
Let g = 72 + -9. What is the remainder when g is divided by 22?
19
Suppose 0 = -2*t - 25 + 75. What is the remainder when 48 is divided by t?
23
Suppose 0 = -2*q + 4*d + 30, 5*q - 4*d - 48 = -3*d. What is the remainder when 34 is divided by q?
7
Let t(l) = -3*l + 2. What is the remainder when 57 is divided by t(-6)?
17
Let q(f) = -16*f - 62. Calculate the remainder when q(-10) is divided by 51.
47
Let d be (-2)/(-2)*1 - -1. Let c be 51/7 - d/7. Suppose -4*a - 45 = -5*b, 3 = -2*a - c. Calculate the remainder when 8 is divided by b.
3
Suppose 20 = 4*b - 40. What is the remainder when 147 is divided by b?
12
Suppose 7*r = 5*r + 10. What is the remainder when 16 is divided by r?
1
Let r be (7/(-14))/((-1)/4). Suppose -30 + 235 = 5*a + r*m, 81 = 2*a + m. Calculate the remainder when a is divided by 92/6 - 4/12.
13
Let w(v) = 8*v + 14. Calculate the remainder when w(10) is divided by 16.
14
Let c = 37 - 20. Let h = c - 11. What is the remainder when h is divided by 4?
2
Let i(p) = p**3 - 5*p**2 - 5*p + 4. What is the remainder when i(6) is divided by 6?
4
Let o(l) = -l + 2. Let v be o(-2). Suppose 3*m - 179 = 5*h, -v*m = -m + h - 155. What is the remainder when m is divided by 14?
11
Let a = -330 + 540. Suppose 2*f + 66 - a = 0. Suppose -5*r = -f + 2. Calculate the remainder when 26 is divided by r.
12
Let g(r) = 9*r + 20. What is the remainder when g(3) is divided by 10?
7
Suppose -r = 4*r - 20. Suppose -4*j = v - j - 8, r*v + 3*j = 32. Calculate the remainder when v is divided by 3.
2
Suppose 25 = 5*r + 5. Let u = 4 + -9. What is the remainder when (-1)/u - 256/(-20) is divided by r?
1
Suppose 2*v = 53 - 47. Suppose -3*h + 3*i = -9, 3*i - 7*i = 4*h - 12. Calculate the remainder when h is divided by v.
0
Suppose -2*y + 33 = -y - 2*q, 0 = -5*y + q + 129. Calculate the remainder when 146 is divided by y.
21
Suppose -2*c - w = 3*c - 13, -4*w + 8 = -2*c. Suppose -h - c*h = -27. Calculate the remainder when h is divided by 6.
3
What is the remainder when 5456/143 + (-2)/13 is divided by 22?
16
Let p = 425 + -421. Suppose -2*m - 3*x + 12 = -4*x, -5*x - 15 = -m. Calculate the remainder when m is divided by p.
1
Suppose -167 = -5*m + 8. Suppose 5*a - 106 = 84. Suppose -14 + a = 2*u. What is the remainder when m is divided by u?
11
Suppose -3*r = -3*h - 219, -2*r + 3*h = -r - 75. What is the remainder when r is divided by 19?
15
Suppose -6 = -z - j, -3*z + z = j - 11. Let k = z + 0. Suppose 14 = h + k. What is the remainder when 17 is divided by h?
8
Suppose 5*x = 5*a + 16 - 101, -2*x = -4*a + 66. Let d = 29 - a. What is the remainder when 50 is divided by d?
11
Let w(v) = v + 6 - 4*v - 3*v + 5*v. Let t be w(3). Suppose -5*r + 75 = 3*a + 2*a, -t*r = -9. Calculate the remainder when 21 is divided by a.
9
Suppose 134 + 90 = 7*f. Let n = 0 + 11. Calculate the remainder when f is divided by n.
10
Let v(n) = n**3 - 5*n**2 - 6*n - 1. Let t be v(6). Let a = t - -2. Suppose 4*z - 16 = l - 2, 5*l - 22 = -3*z. What is the remainder when l is divided by a?
0
Suppose -2*r - 20 = 2*r. Let o = 12 + -3. Let n = o + r. Calculate the remainder when n is divided by 3.
1
Let p(z) = z**3 + 6*z**2 - z - 5. Suppose 0 = 3*i + 2*w + 15 - 6, -i + 7 = 4*w. Calculate the remainder when p(i) is divided by 13.
12
Suppose 2*l - 29 = -3. Calculate the remainder when 25 is divided by l.
12
Let t = -17 - -10. Let h(p) = -2*p - 3. Calculate the remainder when h(t) is divided by 3.
2
Suppose 2*r - 6 = 0, -2*r - r + 97 = 2*a. What is the remainder when a is divided by (-188)/(-12) + 4/(-6)?
14
Suppose 6 - 21 = -5*h. Suppose -54 - 18 = -h*u. Calculate the remainder when u is divided by 13.
11
Let o = 10 - -3. Let b(f) = -f**3 + 3*f**2. Let l be b(3). Let u = l + o. What is the remainder when 24 is divided by u?
11
Let v = 42 - 15. Suppose 6*j - 242 - 388 = 0. Calculate the remainder when j is divided by v.
24
Suppose 0 = 4*z + z - 15. Suppose z*f = 84 - 15. Suppose 4*q = -8*d + 3*d + 72, -3*q = -9. Calculate the remainder when f is divided by d.
11
Let i(r) = r + 1. Let q be i(3). Suppose 21 = 5*p - 2*s, 2*p + 2*s - 10 = q. Suppose 0 = p*t + 49 - 219. Calculate the remainder when t is divided by 18.
16
Suppose -2*z + 5*c = -35, c - 2*c = 2*z - 5. Suppose 0*b + 245 = z*b. What is the remainder when b is divided by 13?
10
Suppose 2*v = 3*v - 37. Suppose 19 = 4*f - 61. What is the remainder when v is divided by f?
17
Suppose 4*s + 5 = 3*s, -46 = -3*r + 5*s. Let t = -2 + 4. What is the remainder when r is divided by t?
1
Suppose 0 = -4*z + 11 + 1. Let p = 14 - z. What is the remainder when p is divided by 4?
3
Suppose 0*m - 4*m + 76 = 0. Let p = 37 - m. What is the remainder when p is divided by 5?
3
Suppose -5*o + 195 = 3*c - o, 63 = c + 2*o. What is the remainder when c is divided by 35?
34
Let q(j) = 3*j**2 - 6*j + 11. Let f = 23 - 4. Calculate the remainder when q(5) is divided by f.
18
Let c = -2 + 2. Suppose -d + 0*d + 3*g + 40 = 0, c = 4*d - 5*g - 139. What is the remainder when d is divided by 16?
15
Let n be (3/6*-106)/1. Let u = -35 - n. What is the remainder when 9 is divided by (-29)/(-9) - 4/u?
0
Suppose -2*d = -6*d + 12. Suppose -d*o - 51 = -6*o. What is the remainder when o is divided by 10?
7
Suppose 0 = 4*h - 2*h - 30. Let i = h + -10. What is the remainder when 19 is divided by i?
4
Let w(s) = 9*s + 192. Suppose 3*g + 12 = 6*d - 4*d, 0 = 4*g + 4*d - 4. Let i(z) = -9*z - 1. Calculate the remainder when w(-14) is divided by i(g).
15
Let f(g) = 2*g**3 - 5*g**2 - g - 5. Calculate the remainder when f(5) is divided by 17.
13
Let i(g) = g**3 - 2*g**2 + 2. Let l(u) = -u**3 + 6*u**2 + 6*u + 7. Calculate the remainder when l(6) is divided by i(3).
10
Suppose 5*i - v - 72 - 69 = 0, 2*v = 8. What is the remainder when i is divided by 8?
5
Suppose 15*g - 14*g - 49 = 0. What is the remainder when g is divided by 30?
19
Suppose 2*b = -6, 6*c - 8 = 4*c + 4*b. Suppose -4*v + 5*k + 3 = 0, -4*v + 3*v + 2 = -k. Let j = v - c. Calculate the remainder when 34 is divided by j.
7
What is the remainder when 31 is divided by ((-2)/(-3))/(5 + 759/(-153))?
14
Suppose 0*x = -8*x + 464. Calculate the remainder when x is divided by 12.
10
Suppose 68 = n + 19. Calculate the remainder when 144 is divided by n.
46
Let v = -17 + 9. Let u = 13 + v. Let w = -3 + u. What is the remainder when w is divided by 2?
0
Let o = -4 + 27. Suppose 0 = -6*z + 4*z + 18. Let c = 17 - z. Calculate the remainder when o is divided by c.
7
Suppose 32 - 122 = -5*h. Calculate the remainder when 35 is divided by h.
17
Let h be ((-4)/(-10))/(4/20). Let s(x) = h*x + x + 1 - 2*x - 9*x**3. What is the remainder when 25 is divided by s(-1)?
7
Let y(h) be the first derivative of -h**4/4 - 5*h**3/3 - h**2/2 - 6*h - 1. Let c be y(-5). Let u = 2 + c. Calculate the remainder when 1 is divided by u.
0
Suppose -651 = -5*o - z, 4*o - 520 = 2*z - 3*z. Calculate the remainder when o is divided by 15.
11
Suppose -4*y + 2*y - 32 = -2*j, 3*y = -4*j + 64. Let l be 1 + 90 - (0 - 2). Let b = l + -62. What is the remainder when b is divided by j?
15
Let h(k) = -19*k. Suppose 0 = -3*q - 2*f - 5, -6*f + 2*f = 2*q + 6. Let n = -50 + 86. What is the remainder when n is divided by h(q)?
17
Let m(u) = -u**2 + 8*u - 7. Let l be m(7). Let d = 9 - l. Calculate the remainder when 31 is divided by (11/(-3))/((-3)/d).
9
Let s(f) = -f**3 - 7*f**2 - 2*f + 4. Let b be s(-7). Let y = b + -12. What is the remainder when 16 is divided by y?
4
Suppose 0*i = -2*i - c +